et q be (14/4 - 3)/((-2)/(-20)). Let j be ((-4)/(-5))/(-2)*-5. What is the greatest common factor of q and j?
1
Let b = 5 - 3. Suppose -8 = -w + 2*h, -2*w = -0*w - b*h - 14. Let z(g) = 6*g + 4. Let o be z(w). Calculate the greatest common divisor of 10 and o.
10
Let h = 124 + -93. Calculate the highest common divisor of 341 and h.
31
Let f = -19 + 30. Calculate the greatest common factor of f and 55.
11
Suppose -3*w + 70 = 4*f, -2*w - 42 - 38 = -4*f. Let m(d) = -77*d - 1. Suppose 0*h - 1 = h. Let a be m(h). Calculate the greatest common divisor of f and a.
19
Suppose 9*w - 4*w = -2*z + 8, -w + 2*z = 8. Suppose 2*i + w*i - 4*u = 16, 0 = 4*i + 3*u - 65. Calculate the greatest common divisor of i and 70.
14
Let b be 0 - (-5)/((-20)/(-52)). Let h = 118 + 25. What is the highest common divisor of b and h?
13
Let g = 31 - -104. Calculate the highest common divisor of g and 54.
27
Suppose -2*k + 17 = -s, 2*k = 3*s + s + 2. Calculate the greatest common divisor of k and 55.
11
Let o = -46 + 51. Calculate the greatest common divisor of 40 and o.
5
Let v be 3/(-6) + (-99)/(-6). Suppose -96 + v = -5*n. Calculate the greatest common divisor of 32 and n.
16
Suppose -u - 132 = -5*u - 3*g, 5*u + 2*g = 165. What is the greatest common divisor of 44 and u?
11
Suppose 0 = 5*r + 3*z - 194, -204 = -3*r - 2*r + 2*z. Calculate the greatest common divisor of r and 4.
4
Suppose -3*d = 3, 3 = -q + 4*q + 3*d. Suppose q = 2*n - 10. What is the greatest common factor of 12 and n?
6
Let p(j) = 3*j**2 + j. Suppose -2 = 3*b - 2*b. Let a be p(b). Suppose 5 + a = 5*n. What is the greatest common divisor of n and 2?
1
Let k be (24/9)/((-4)/(-6)). Suppose -k*p - 5*n - 95 = p, -3*n + 15 = 0. Let a = p + 40. What is the highest common factor of a and 2?
2
Suppose g - 25 = -5*a - 0*a, 77 = 2*g + a. Calculate the highest common divisor of 5 and g.
5
Suppose 3*y + 4*g = y + 8, -y + 4 = 5*g. Suppose -y*k + 0*k = -100. What is the greatest common factor of k and 5?
5
Let l(k) = -7*k - 35. Let f(r) = 11*r + 53. Let c(j) = -5*f(j) - 8*l(j). Let a = 0 + 0. Let n be c(a). What is the greatest common factor of 6 and n?
3
Let v be 1/(((-4)/(-35))/4). Calculate the greatest common factor of 5 and v.
5
Suppose 3*w + 1 = -f - 3, -12 = 4*w + 3*f. Suppose -2*i + 10 + 42 = w. What is the highest common divisor of 39 and i?
13
Suppose 8 = 4*s - 0*s. Suppose -5*b + s*b + 108 = 0. Let r = 43 - 19. What is the greatest common factor of b and r?
12
Let v = -49 + 61. Let x(q) = -q**2 - 12*q + 10. Let t be x(-10). Calculate the greatest common divisor of t and v.
6
Suppose -139 + 34 = -3*a. Calculate the highest common divisor of a and 455.
35
Let t be 44 + 2 - (2 - 2). Let j = 118 - t. What is the highest common divisor of 8 and j?
8
Suppose d + 42 = 4*d. What is the highest common factor of 224 and d?
14
Let s(y) = -y**3 + 7*y**2 - 8*y - 1. Let o be s(3). Calculate the greatest common factor of 33 and o.
11
Suppose -2 + 0 = -3*p + 2*l, -32 = -3*p - 4*l. Suppose 2*c + p - 40 = 0. Calculate the greatest common factor of c and 2.
2
Let m(q) = 7*q**2 - 2*q. Let k be m(-2). Calculate the greatest common factor of k and 8.
8
Let o = -201 + 299. What is the highest common divisor of 42 and o?
14
Let n be 4/((-1)/18*-2). Let j be (3 + -7)/(3 - 4). Calculate the highest common divisor of j and n.
4
Let h(y) = -y**2 - 5*y + 5. Let i be h(-6). Let u = 12 + i. What is the greatest common divisor of 88 and u?
11
Suppose 2*n = 3*n + 1. Let d = 18 + n. What is the highest common divisor of 17 and d?
17
Let s(d) = d + 15. Let q be s(8). Suppose 0 = 2*j - 29 - q. Let a(v) = 9*v - 6. Let n be a(5). What is the highest common divisor of j and n?
13
Let x = 110 - 47. What is the greatest common divisor of 42 and x?
21
Let f be 4 + -1 - (-56 + -4). Suppose -5*t - 3*v = -114, v - 30 - 15 = -2*t. Let s = t - 12. Calculate the greatest common factor of f and s.
9
Suppose 0 = -4*s + 2*j - 22, -3*j + 6 = 4*s + 3. Suppose -3 + 0 = f. Let r be s*1*153/f. What is the greatest common divisor of r and 17?
17
Let b be ((-6)/(-4))/(3/36). Suppose -54 = -3*v + b. Let l be (-34)/(-12) + ((-65)/(-30) - 2). What is the greatest common divisor of v and l?
3
Suppose 3*w = 2*w + 39. Suppose 13 + w = 4*h. Calculate the highest common factor of 13 and h.
13
Suppose 4*j = 3*j + 192. What is the highest common divisor of j and 24?
24
Suppose 52 = 2*k + x + 2*x, 5*x = -3*k + 79. Let i be 2/(-2) + 740/4. What is the highest common divisor of i and k?
23
Let u be -93*2/(-3) + -2. What is the greatest common divisor of 12 and u?
12
Let n = 28 + 12. Calculate the greatest common factor of n and 16.
8
Suppose 3*l - 9 = -0*l. Let j = 28 - 42. Let v = 19 - j. What is the highest common divisor of l and v?
3
Suppose -4 = q - 2*q. Suppose q*u - 20 = -2*w, -u = -3*w - 17 + 75. Calculate the highest common factor of w and 27.
9
Let g(p) = 24*p**2. Let d be g(-1). Let t = 106 - 82. What is the highest common factor of t and d?
24
Let k be (1 + 60/(-16))*-8. Suppose -111 = -5*c + 879. What is the highest common factor of k and c?
22
Suppose 0 = 3*k - 47 - 73. Suppose 13*p - 43 = 61. Calculate the highest common divisor of k and p.
8
Suppose -104 = -4*g - 80. Calculate the greatest common divisor of 24 and g.
6
Let n(t) = t**3 - 7*t**2 + 6*t + 9. Suppose -2*p + 10 + 6 = 0. Let r be n(p). What is the greatest common divisor of 11 and r?
11
Suppose 2*o + 12 = -3*t, 0 = -2*o - 2*t + 6 - 18. Let i be 9/o*(-25 - -1). Suppose -2*j = -5*j + 36. What is the highest common factor of i and j?
12
Let b be (6/4)/((30/76)/5). What is the highest common divisor of b and 38?
19
Suppose -s = -5 + 3. Let w be ((-1)/(-2))/(s/8). Let n be (-7)/(w - 21/9). Calculate the highest common factor of n and 14.
7
Suppose 0 = -2*w, 2*w + 130 = 5*v - 0*w. Let o be 5/(-2 + 2 + 1). Suppose 3*f = o*f - v. What is the highest common divisor of f and 143?
13
Suppose -j = -2*p - 5 - 4, -45 = -5*j - 4*p. Suppose -3*q + 8*q + 4*d - 241 = 0, -d - 41 = -q. What is the highest common factor of q and j?
9
Suppose 2*z - 15 = -3*z. Suppose -z*q + u = -2*q, q = -2*u + 15. Suppose -2*m - 42 = -q*m. What is the greatest common factor of 42 and m?
14
Suppose -4*g = 4, 0 = -3*q + 5*g + 6 + 20. Let o be 7/(q/6) + 2. Let j be (-2)/(-6 - -2)*32. What is the highest common factor of o and j?
8
Let f = -1 + -2. Let v be 2/f - (-235)/15. Calculate the greatest common divisor of 75 and v.
15
Suppose 0*c - 5*c = 0. Let s be 15/((-12)/(-16) - c). What is the greatest common factor of 4 and s?
4
Let w = -35 + 37. Calculate the greatest common factor of w and 22.
2
Let s = -8 - -11. Suppose 0 = h - 2*i + s*i - 34, h = 3*i + 34. Let r = -22 - -73. Calculate the greatest common factor of h and r.
17
Let d(h) = h + 1. Let c be d(-7). Let a be 13 - (-6 - (c - -3)). Calculate the highest common factor of a and 96.
16
Suppose -4*o - 874 - 114 = -4*h, -2*h + 504 = -4*o. What is the greatest common divisor of h and 22?
22
Let n(d) = 5*d**2 + 9*d - 4. Let y be n(-4). Let t be (-4)/6 + y/6. Calculate the greatest common factor of 48 and t.
6
Let p be 94/8 - 3/(-12). What is the highest common divisor of p and 24?
12
Let u = 0 + 3. Suppose 5*r - 2*y - 25 = -7*y, 3*r - u*y = -3. Suppose w = r*w - 18. What is the highest common factor of w and 12?
6
Let w(l) = -l**2 + 7*l + 8. Let m be w(7). Let b = -70 + 78. What is the greatest common factor of m and b?
8
Let s = 115 + -67. Calculate the greatest common factor of 72 and s.
24
Suppose 0*f - 3*f - 78 = 0. Let q = -11 - f. Calculate the highest common factor of 15 and q.
15
Let i(n) = n**2 + 2*n + 4. Let g be i(-3). What is the greatest common divisor of g and 77?
7
Suppose 3*t = 3, 2*d - 96 = -3*d + 4*t. Let b = -61 - -66. What is the greatest common factor of b and d?
5
Suppose 5*n + 0*n = 70. What is the highest common divisor of 70 and n?
14
Let j be -1*(-3)/(-1) + 4. Suppose 0 = 4*q - q - 6. Calculate the highest common divisor of j and q.
1
Suppose 0*y - 2*y + 6 = 0. Suppose -2 = 3*w - 5. Suppose -2 = -y*j + w. What is the greatest common factor of j and 2?
1
Let k = -51 - -36. Suppose -116 + 4 = 4*l. Let h = k - l. Calculate the highest common factor of h and 52.
13
Let b = -2 + 11. Let u = b + -7. Suppose 5*s = 4*s - 1, -30 = -u*y - 2*s. What is the highest common div